{"id":2897,"date":"2026-03-05T11:23:04","date_gmt":"2026-03-05T10:23:04","guid":{"rendered":"https:\/\/www.lacontemporaine.fr\/?post_type=agenda&#038;p=2897"},"modified":"2026-03-16T16:23:03","modified_gmt":"2026-03-16T15:23:03","slug":"rencontre-autour-du-livre-le-musee-documentaire","status":"publish","type":"agenda","link":"https:\/\/www.lacontemporaine.fr\/fr\/agenda\/rencontre-autour-du-livre-le-musee-documentaire\/","title":{"rendered":"Rencontre autour du livre \u00ab\u00a0le mus\u00e9e documentaire\u00a0\u00bb"},"content":{"rendered":"\n<p><em>Mardi 31 mars, 18h<\/em>, <em>entr\u00e9e libre.<\/em><\/p>\n\n\n\n<p>Dans le cadre de la parution du livre <a href=\"https:\/\/www.lacontemporaine.fr\/fr\/le-musee-documentaire\/\" data-type=\"post\" data-id=\"1475\"><em>Le mus\u00e9e documentaire<\/em><\/a> aux presses universitaires de Paris Nanterre, la Contemporaine organise une rencontre entre Val\u00e9rie Tesni\u00e8re (ancienne directrice de la Contemporaine, commissaire de l&rsquo;Atelier de l&rsquo;histoire) et Christian Joschke (historien de l&rsquo;art) qui ont dirig\u00e9 la publication.<\/p>\n\n\n\n<p>Apr\u00e8s la rencontre mod\u00e9r\u00e9e par Xavier Sen\u00e9 (directeur de la Contemporaine), une visite guid\u00e9e de l&rsquo;Atelier de l&rsquo;histoire, parcours permanent de la Contemporaine, aura lieu. <\/p>\n\n\n\n<div class=\"wp-block-buttons is-content-justification-center is-layout-flex wp-container-core-buttons-is-layout-16018d1d wp-block-buttons-is-layout-flex\">\n<div class=\"wp-block-button\"><a class=\"wp-block-button__link has-text-align-center wp-element-button\" href=\"https:\/\/presses-universitaires.parisnanterre.fr\/index.php\/produit\/le-musee-documentaire\/\" target=\"_blank\" rel=\"noreferrer noopener\">En savoir plus<\/a><\/div>\n<\/div>\n\n\n\n<p><\/p>\n","protected":false},"featured_media":1788,"template":"","meta":{"_acf_changed":false},"event_cat":[167],"event_location":[28],"class_list":["post-2897","agenda","type-agenda","status-publish","has-post-thumbnail","hentry","event_cat-rencontre","event_location-la-contemporaine-nanterre"],"acf":[],"_links":{"self":[{"href":"https:\/\/www.lacontemporaine.fr\/fr\/wp-json\/wp\/v2\/agenda\/2897","targetHints":{"allow":["GET"]}}],"collection":[{"href":"https:\/\/www.lacontemporaine.fr\/fr\/wp-json\/wp\/v2\/agenda"}],"about":[{"href":"https:\/\/www.lacontemporaine.fr\/fr\/wp-json\/wp\/v2\/types\/agenda"}],"wp:featuredmedia":[{"embeddable":true,"href":"https:\/\/www.lacontemporaine.fr\/fr\/wp-json\/wp\/v2\/media\/1788"}],"wp:attachment":[{"href":"https:\/\/www.lacontemporaine.fr\/fr\/wp-json\/wp\/v2\/media?parent=2897"}],"wp:term":[{"taxonomy":"event_cat","embeddable":true,"href":"https:\/\/www.lacontemporaine.fr\/fr\/wp-json\/wp\/v2\/event_cat?post=2897"},{"taxonomy":"event_location","embeddable":true,"href":"https:\/\/www.lacontemporaine.fr\/fr\/wp-json\/wp\/v2\/event_location?post=2897"}],"curies":[{"name":"wp","href":"https:\/\/api.w.org\/{rel}","templated":true}]}}

Rencontre autour du livre « le musée documentaire »

<p><em>Mardi 31 mars, 18h</em>, <em>entrée libre.</em></p>



<p>Dans le cadre de la parution du livre <a href="https://www.lacontemporaine.fr/fr/le-musee-documentaire/" data-type="post" data-id="1475"><em>Le musée documentaire</em></a> aux presses universitaires de Paris Nanterre, la Contemporaine organise une rencontre entre Valérie Tesnière (ancienne directrice de la Contemporaine, commissaire de l&rsquo;Atelier de l&rsquo;histoire) et Christian Joschke (historien de l&rsquo;art) qui ont dirigé la publication.</p>



<p>Après la rencontre modérée par Xavier Sené (directeur de la Contemporaine), une visite guidée de l&rsquo;Atelier de l&rsquo;histoire, parcours permanent de la Contemporaine, aura lieu. </p>



<div class="wp-block-buttons is-content-justification-center is-layout-flex wp-container-core-buttons-is-layout-16018d1d wp-block-buttons-is-layout-flex">
<div class="wp-block-button"><a class="wp-block-button__link has-text-align-center wp-element-button" href="https://presses-universitaires.parisnanterre.fr/index.php/produit/le-musee-documentaire/" target="_blank" rel="noreferrer noopener">En savoir plus</a></div>
</div>



<p></p>
