{"id":770,"date":"2025-07-18T12:31:39","date_gmt":"2025-07-18T10:31:39","guid":{"rendered":"https:\/\/www.lacontemporaine.fr\/?post_type=page-de-base&#038;p=770"},"modified":"2026-08-31T09:52:52","modified_gmt":"2026-08-31T07:52:52","slug":"tournage-prise-de-vue-location-despaces","status":"publish","type":"page-de-base","link":"https:\/\/www.lacontemporaine.fr\/en\/tournage-prise-de-vue-location-despaces\/","title":{"rendered":"Tournage, prise de vue, location d&rsquo;espaces"},"content":{"rendered":"<h3 class=\"wp-block-heading\">Tournage et prise de vue <\/h3>\n\n\n\n<p class=\"wp-block-paragraph\">La Contemporaine accueille des tournages et des prises de vue uniquement sur autorisation. <\/p>\n\n\n\n<p class=\"wp-block-paragraph\">Toute demande doit \u00eatre faite via <a href=\"https:\/\/www.lacontemporaine.fr\/en\/contact\/\">le formulaire de contact<\/a>. <\/p>\n\n\n\n<p class=\"wp-block-paragraph\">Ils sont accueillis durant les horaires d\u2019ouverture du b\u00e2timent (du lundi au vendredi de 8h30 \u00e0 19h).\u00a0Les espaces sont mis \u00e0 disposition \u00e0 titre payant en dehors des horaires d\u2019ouverture aux usagers.\u00a0<\/p>\n\n\n\n<p class=\"wp-block-paragraph\">Les espaces pouvant accueillir des tournages sont :&nbsp;<\/p>\n\n\n\n<ul class=\"wp-block-list\">\n<li>les trois salles de formation ;\u00a0<\/li>\n\n\n\n<li>les deux espaces d\u2019exposition temporaire\u00a0(lundi toute la journ\u00e9e, du mardi au vendredi de 8h \u00e0 12h30 ; entre juin et septembre du lundi au vendredi de 8h30 \u00e0 19h) ;\u00a0<\/li>\n\n\n\n<li>l\u2019exposition permanente (lundi toute la journ\u00e9e, du mardi au vendredi de 8h \u00e0 12h30) ;&nbsp;<\/li>\n\n\n\n<li>la salle de lecture (du lundi au vendredi de 8h30 \u00e0 10h) ;\u00a0<\/li>\n\n\n\n<li>les salles de travail en groupe dans la salle de lecture ;&nbsp;<\/li>\n\n\n\n<li>le hall ;&nbsp;<\/li>\n\n\n\n<li>les magasins (sur autorisation sp\u00e9ciale).&nbsp;<\/li>\n<\/ul>\n\n\n\n<p class=\"wp-block-paragraph\">Les demandes doivent \u00eatre effectu\u00e9es le plus en amont possible (un mois minimum avant la date de tournage envisag\u00e9e, une majoration est appliquable).&nbsp;<\/p>\n\n\n\n<p class=\"wp-block-paragraph\"><strong>Tournage pour un documentaire ou un reportage&nbsp;<\/strong><\/p>\n\n\n\n<p class=\"wp-block-paragraph\">Pour les tournages demandant la consultation de documents, les documents souhait\u00e9s doivent \u00eatre list\u00e9s d\u00e8s la demande de tournage afin de v\u00e9rifier l\u2019\u00e9tat de conservation et de communication. Les reproductions num\u00e9riques de documents sont soumises \u00e0 des conditions tarifaires avec un d\u00e9lai de traitement suppl\u00e9mentaire.&nbsp;<\/p>\n\n\n\n<p class=\"wp-block-paragraph\">Les tournages ne doivent pas surexposer \u00e0 la lumi\u00e8re les documents pr\u00e9sent\u00e9s et doivent respecter des conditions de manipulation le cas \u00e9ch\u00e9ant.&nbsp;<\/p>\n\n\n\n<p class=\"wp-block-paragraph\">La Contemporaine, en tant qu\u2019institution accueillant le tournage, doit \u00eatre clairement identifi\u00e9e dans le commentaire, les sous-titres et\/ou le g\u00e9n\u00e9rique.&nbsp;Une copie des rushs de s\u00e9quences tourn\u00e9es dans ses locaux est \u00e0 fournir. <\/p>\n\n\n\n<h3 class=\"wp-block-heading\">Location d&rsquo;espace <\/h3>\n\n\n\n<p class=\"wp-block-paragraph\">La Contemporaine met \u00e0 disposition ses espaces. Les demandes doivent \u00e9galement \u00eatre faites via le formulaire de contact.<\/p>\n\n\n\n<figure class=\"wp-block-gallery has-nested-images columns-default is-cropped wp-block-gallery-1 is-layout-flex wp-block-gallery-is-layout-flex\">\n<figure class=\"wp-block-image size-large\"><img loading=\"lazy\" decoding=\"async\" width=\"1024\" height=\"648\" data-id=\"1845\" src=\"https:\/\/www.lacontemporaine.fr\/wp-content\/uploads\/2025\/07\/LC_HALL_FORMATION_0377-1024x648.jpg\" alt=\"Photo du hall de la Contemporaine\" class=\"wp-image-1845\" srcset=\"https:\/\/www.lacontemporaine.fr\/wp-content\/uploads\/2025\/07\/LC_HALL_FORMATION_0377-1024x648.jpg 1024w, https:\/\/www.lacontemporaine.fr\/wp-content\/uploads\/2025\/07\/LC_HALL_FORMATION_0377-300x190.jpg 300w, https:\/\/www.lacontemporaine.fr\/wp-content\/uploads\/2025\/07\/LC_HALL_FORMATION_0377-768x486.jpg 768w, https:\/\/www.lacontemporaine.fr\/wp-content\/uploads\/2025\/07\/LC_HALL_FORMATION_0377-1536x972.jpg 1536w, https:\/\/www.lacontemporaine.fr\/wp-content\/uploads\/2025\/07\/LC_HALL_FORMATION_0377-2048x1297.jpg 2048w, https:\/\/www.lacontemporaine.fr\/wp-content\/uploads\/2025\/07\/LC_HALL_FORMATION_0377-18x12.jpg 18w\" sizes=\"auto, (max-width: 1024px) 100vw, 1024px\" \/><figcaption class=\"wp-element-caption\">le hall <\/figcaption><\/figure>\n\n\n\n<figure class=\"wp-block-image size-large\"><img loading=\"lazy\" decoding=\"async\" width=\"1024\" height=\"683\" data-id=\"777\" src=\"https:\/\/www.lacontemporaine.fr\/wp-content\/uploads\/2025\/07\/LC_SALLE_LECT_2509-1024x683.jpg\" alt=\"Photo de la salle de lecture\" class=\"wp-image-777\" srcset=\"https:\/\/www.lacontemporaine.fr\/wp-content\/uploads\/2025\/07\/LC_SALLE_LECT_2509-1024x683.jpg 1024w, https:\/\/www.lacontemporaine.fr\/wp-content\/uploads\/2025\/07\/LC_SALLE_LECT_2509-300x200.jpg 300w, https:\/\/www.lacontemporaine.fr\/wp-content\/uploads\/2025\/07\/LC_SALLE_LECT_2509-768x513.jpg 768w, https:\/\/www.lacontemporaine.fr\/wp-content\/uploads\/2025\/07\/LC_SALLE_LECT_2509-1536x1025.jpg 1536w, https:\/\/www.lacontemporaine.fr\/wp-content\/uploads\/2025\/07\/LC_SALLE_LECT_2509-2048x1367.jpg 2048w, https:\/\/www.lacontemporaine.fr\/wp-content\/uploads\/2025\/07\/LC_SALLE_LECT_2509-18x12.jpg 18w\" sizes=\"auto, (max-width: 1024px) 100vw, 1024px\" \/><figcaption class=\"wp-element-caption\">la salle de lecture<\/figcaption><\/figure>\n\n\n\n<figure class=\"wp-block-image size-large\"><img loading=\"lazy\" decoding=\"async\" width=\"1024\" height=\"683\" data-id=\"797\" src=\"https:\/\/www.lacontemporaine.fr\/wp-content\/uploads\/2025\/07\/LC_SITE_WEB_4045-1024x683.jpg\" alt=\"Photo d'une table dans une salle de travail\" class=\"wp-image-797\" srcset=\"https:\/\/www.lacontemporaine.fr\/wp-content\/uploads\/2025\/07\/LC_SITE_WEB_4045-1024x683.jpg 1024w, https:\/\/www.lacontemporaine.fr\/wp-content\/uploads\/2025\/07\/LC_SITE_WEB_4045-300x200.jpg 300w, https:\/\/www.lacontemporaine.fr\/wp-content\/uploads\/2025\/07\/LC_SITE_WEB_4045-768x513.jpg 768w, https:\/\/www.lacontemporaine.fr\/wp-content\/uploads\/2025\/07\/LC_SITE_WEB_4045-1536x1025.jpg 1536w, https:\/\/www.lacontemporaine.fr\/wp-content\/uploads\/2025\/07\/LC_SITE_WEB_4045-2048x1367.jpg 2048w, https:\/\/www.lacontemporaine.fr\/wp-content\/uploads\/2025\/07\/LC_SITE_WEB_4045-18x12.jpg 18w\" sizes=\"auto, (max-width: 1024px) 100vw, 1024px\" \/><figcaption class=\"wp-element-caption\">les salles de travail en groupe<\/figcaption><\/figure>\n\n\n\n<figure class=\"wp-block-image size-large\"><img loading=\"lazy\" decoding=\"async\" width=\"1024\" height=\"683\" data-id=\"2623\" src=\"https:\/\/www.lacontemporaine.fr\/wp-content\/uploads\/2025\/10\/IMG_0524_1-1024x683.jpg\" alt=\"Photo d'une salle de formation\" class=\"wp-image-2623\" srcset=\"https:\/\/www.lacontemporaine.fr\/wp-content\/uploads\/2025\/10\/IMG_0524_1-1024x683.jpg 1024w, https:\/\/www.lacontemporaine.fr\/wp-content\/uploads\/2025\/10\/IMG_0524_1-300x200.jpg 300w, https:\/\/www.lacontemporaine.fr\/wp-content\/uploads\/2025\/10\/IMG_0524_1-768x512.jpg 768w, https:\/\/www.lacontemporaine.fr\/wp-content\/uploads\/2025\/10\/IMG_0524_1-1536x1024.jpg 1536w, https:\/\/www.lacontemporaine.fr\/wp-content\/uploads\/2025\/10\/IMG_0524_1-2048x1365.jpg 2048w, https:\/\/www.lacontemporaine.fr\/wp-content\/uploads\/2025\/10\/IMG_0524_1-18x12.jpg 18w\" sizes=\"auto, (max-width: 1024px) 100vw, 1024px\" \/><figcaption class=\"wp-element-caption\">salle de formation<\/figcaption><\/figure>\n\n\n\n<figure class=\"wp-block-image size-large\"><img loading=\"lazy\" decoding=\"async\" width=\"1000\" height=\"667\" data-id=\"3592\" src=\"https:\/\/www.lacontemporaine.fr\/wp-content\/uploads\/2025\/07\/11.jpg\" alt=\"\" class=\"wp-image-3592\" srcset=\"https:\/\/www.lacontemporaine.fr\/wp-content\/uploads\/2025\/07\/11.jpg 1000w, https:\/\/www.lacontemporaine.fr\/wp-content\/uploads\/2025\/07\/11-300x200.jpg 300w, https:\/\/www.lacontemporaine.fr\/wp-content\/uploads\/2025\/07\/11-768x512.jpg 768w, https:\/\/www.lacontemporaine.fr\/wp-content\/uploads\/2025\/07\/11-18x12.jpg 18w\" sizes=\"auto, (max-width: 1000px) 100vw, 1000px\" \/><figcaption class=\"wp-element-caption\">Atelier de l&rsquo;histoire, exposition permanente<\/figcaption><\/figure>\n<\/figure>\n\n\n\n<p class=\"wp-block-paragraph\"><\/p>","protected":false},"featured_media":771,"template":"","meta":{"_acf_changed":false},"class_list":["post-770","page-de-base","type-page-de-base","status-publish","has-post-thumbnail","hentry"],"acf":[],"_links":{"self":[{"href":"https:\/\/www.lacontemporaine.fr\/en\/wp-json\/wp\/v2\/page-de-base\/770","targetHints":{"allow":["GET"]}}],"collection":[{"href":"https:\/\/www.lacontemporaine.fr\/en\/wp-json\/wp\/v2\/page-de-base"}],"about":[{"href":"https:\/\/www.lacontemporaine.fr\/en\/wp-json\/wp\/v2\/types\/page-de-base"}],"wp:featuredmedia":[{"embeddable":true,"href":"https:\/\/www.lacontemporaine.fr\/en\/wp-json\/wp\/v2\/media\/771"}],"wp:attachment":[{"href":"https:\/\/www.lacontemporaine.fr\/en\/wp-json\/wp\/v2\/media?parent=770"}],"curies":[{"name":"wp","href":"https:\/\/api.w.org\/{rel}","templated":true}]}}

<h3 class="wp-block-heading">Tournage et prise de vue </h3>



<p class="wp-block-paragraph">La Contemporaine accueille des tournages et des prises de vue uniquement sur autorisation. </p>



<p class="wp-block-paragraph">Toute demande doit être faite via <a href="https://www.lacontemporaine.fr/en/contact/">le formulaire de contact</a>. </p>



<p class="wp-block-paragraph">Ils sont accueillis durant les horaires d’ouverture du bâtiment (du lundi au vendredi de 8h30 à 19h). Les espaces sont mis à disposition à titre payant en dehors des horaires d’ouverture aux usagers. </p>



<p class="wp-block-paragraph">Les espaces pouvant accueillir des tournages sont :&nbsp;</p>



<ul class="wp-block-list">
<li>les trois salles de formation ; </li>



<li>les deux espaces d’exposition temporaire (lundi toute la journée, du mardi au vendredi de 8h à 12h30 ; entre juin et septembre du lundi au vendredi de 8h30 à 19h) ; </li>



<li>l’exposition permanente (lundi toute la journée, du mardi au vendredi de 8h à 12h30) ;&nbsp;</li>



<li>la salle de lecture (du lundi au vendredi de 8h30 à 10h) ; </li>



<li>les salles de travail en groupe dans la salle de lecture ;&nbsp;</li>



<li>le hall ;&nbsp;</li>



<li>les magasins (sur autorisation spéciale).&nbsp;</li>
</ul>



<p class="wp-block-paragraph">Les demandes doivent être effectuées le plus en amont possible (un mois minimum avant la date de tournage envisagée, une majoration est appliquable).&nbsp;</p>



<p class="wp-block-paragraph"><strong>Tournage pour un documentaire ou un reportage&nbsp;</strong></p>



<p class="wp-block-paragraph">Pour les tournages demandant la consultation de documents, les documents souhaités doivent être listés dès la demande de tournage afin de vérifier l’état de conservation et de communication. Les reproductions numériques de documents sont soumises à des conditions tarifaires avec un délai de traitement supplémentaire.&nbsp;</p>



<p class="wp-block-paragraph">Les tournages ne doivent pas surexposer à la lumière les documents présentés et doivent respecter des conditions de manipulation le cas échéant.&nbsp;</p>



<p class="wp-block-paragraph">La Contemporaine, en tant qu’institution accueillant le tournage, doit être clairement identifiée dans le commentaire, les sous-titres et/ou le générique.&nbsp;Une copie des rushs de séquences tournées dans ses locaux est à fournir. </p>



<h3 class="wp-block-heading">Location d&rsquo;espace </h3>



<p class="wp-block-paragraph">La Contemporaine met à disposition ses espaces. Les demandes doivent également être faites via le formulaire de contact.</p>



<figure class="wp-block-gallery has-nested-images columns-default is-cropped wp-block-gallery-1 is-layout-flex wp-block-gallery-is-layout-flex">
<figure class="wp-block-image size-large"><img loading="lazy" decoding="async" width="1024" height="648" data-id="1845" src="https://www.lacontemporaine.fr/wp-content/uploads/2025/07/LC_HALL_FORMATION_0377-1024x648.jpg" alt="Photo du hall de la Contemporaine" class="wp-image-1845" srcset="https://www.lacontemporaine.fr/wp-content/uploads/2025/07/LC_HALL_FORMATION_0377-1024x648.jpg 1024w, https://www.lacontemporaine.fr/wp-content/uploads/2025/07/LC_HALL_FORMATION_0377-300x190.jpg 300w, https://www.lacontemporaine.fr/wp-content/uploads/2025/07/LC_HALL_FORMATION_0377-768x486.jpg 768w, https://www.lacontemporaine.fr/wp-content/uploads/2025/07/LC_HALL_FORMATION_0377-1536x972.jpg 1536w, https://www.lacontemporaine.fr/wp-content/uploads/2025/07/LC_HALL_FORMATION_0377-2048x1297.jpg 2048w, https://www.lacontemporaine.fr/wp-content/uploads/2025/07/LC_HALL_FORMATION_0377-18x12.jpg 18w" sizes="auto, (max-width: 1024px) 100vw, 1024px" /><figcaption class="wp-element-caption">le hall </figcaption></figure>



<figure class="wp-block-image size-large"><img loading="lazy" decoding="async" width="1024" height="683" data-id="777" src="https://www.lacontemporaine.fr/wp-content/uploads/2025/07/LC_SALLE_LECT_2509-1024x683.jpg" alt="Photo de la salle de lecture" class="wp-image-777" srcset="https://www.lacontemporaine.fr/wp-content/uploads/2025/07/LC_SALLE_LECT_2509-1024x683.jpg 1024w, https://www.lacontemporaine.fr/wp-content/uploads/2025/07/LC_SALLE_LECT_2509-300x200.jpg 300w, https://www.lacontemporaine.fr/wp-content/uploads/2025/07/LC_SALLE_LECT_2509-768x513.jpg 768w, https://www.lacontemporaine.fr/wp-content/uploads/2025/07/LC_SALLE_LECT_2509-1536x1025.jpg 1536w, https://www.lacontemporaine.fr/wp-content/uploads/2025/07/LC_SALLE_LECT_2509-2048x1367.jpg 2048w, https://www.lacontemporaine.fr/wp-content/uploads/2025/07/LC_SALLE_LECT_2509-18x12.jpg 18w" sizes="auto, (max-width: 1024px) 100vw, 1024px" /><figcaption class="wp-element-caption">la salle de lecture</figcaption></figure>



<figure class="wp-block-image size-large"><img loading="lazy" decoding="async" width="1024" height="683" data-id="797" src="https://www.lacontemporaine.fr/wp-content/uploads/2025/07/LC_SITE_WEB_4045-1024x683.jpg" alt="Photo d'une table dans une salle de travail" class="wp-image-797" srcset="https://www.lacontemporaine.fr/wp-content/uploads/2025/07/LC_SITE_WEB_4045-1024x683.jpg 1024w, https://www.lacontemporaine.fr/wp-content/uploads/2025/07/LC_SITE_WEB_4045-300x200.jpg 300w, https://www.lacontemporaine.fr/wp-content/uploads/2025/07/LC_SITE_WEB_4045-768x513.jpg 768w, https://www.lacontemporaine.fr/wp-content/uploads/2025/07/LC_SITE_WEB_4045-1536x1025.jpg 1536w, https://www.lacontemporaine.fr/wp-content/uploads/2025/07/LC_SITE_WEB_4045-2048x1367.jpg 2048w, https://www.lacontemporaine.fr/wp-content/uploads/2025/07/LC_SITE_WEB_4045-18x12.jpg 18w" sizes="auto, (max-width: 1024px) 100vw, 1024px" /><figcaption class="wp-element-caption">les salles de travail en groupe</figcaption></figure>



<figure class="wp-block-image size-large"><img loading="lazy" decoding="async" width="1024" height="683" data-id="2623" src="https://www.lacontemporaine.fr/wp-content/uploads/2025/10/IMG_0524_1-1024x683.jpg" alt="Photo d'une salle de formation" class="wp-image-2623" srcset="https://www.lacontemporaine.fr/wp-content/uploads/2025/10/IMG_0524_1-1024x683.jpg 1024w, https://www.lacontemporaine.fr/wp-content/uploads/2025/10/IMG_0524_1-300x200.jpg 300w, https://www.lacontemporaine.fr/wp-content/uploads/2025/10/IMG_0524_1-768x512.jpg 768w, https://www.lacontemporaine.fr/wp-content/uploads/2025/10/IMG_0524_1-1536x1024.jpg 1536w, https://www.lacontemporaine.fr/wp-content/uploads/2025/10/IMG_0524_1-2048x1365.jpg 2048w, https://www.lacontemporaine.fr/wp-content/uploads/2025/10/IMG_0524_1-18x12.jpg 18w" sizes="auto, (max-width: 1024px) 100vw, 1024px" /><figcaption class="wp-element-caption">salle de formation</figcaption></figure>



<figure class="wp-block-image size-large"><img loading="lazy" decoding="async" width="1000" height="667" data-id="3592" src="https://www.lacontemporaine.fr/wp-content/uploads/2025/07/11.jpg" alt="" class="wp-image-3592" srcset="https://www.lacontemporaine.fr/wp-content/uploads/2025/07/11.jpg 1000w, https://www.lacontemporaine.fr/wp-content/uploads/2025/07/11-300x200.jpg 300w, https://www.lacontemporaine.fr/wp-content/uploads/2025/07/11-768x512.jpg 768w, https://www.lacontemporaine.fr/wp-content/uploads/2025/07/11-18x12.jpg 18w" sizes="auto, (max-width: 1000px) 100vw, 1000px" /><figcaption class="wp-element-caption">Atelier de l&rsquo;histoire, exposition permanente</figcaption></figure>
</figure>



<p class="wp-block-paragraph"></p>
