{"id":3104,"date":"2026-04-27T16:26:40","date_gmt":"2026-04-27T14:26:40","guid":{"rendered":"https:\/\/www.lacontemporaine.fr\/?post_type=agenda&#038;p=3104"},"modified":"2026-04-27T16:26:41","modified_gmt":"2026-04-27T14:26:41","slug":"colloque-oip-prison-savoirs-recherche-du-temps-perdu-ou-temps-perdu-de-la-recherche","status":"publish","type":"agenda","link":"https:\/\/www.lacontemporaine.fr\/en\/agenda\/colloque-oip-prison-savoirs-recherche-du-temps-perdu-ou-temps-perdu-de-la-recherche\/","title":{"rendered":"Colloque OIP, Prison &amp; savoirs : recherche du temps perdu ou temps perdu de la recherche ?"},"content":{"rendered":"<p>La Contemporaine est partenaire du colloque organis\u00e9 pour les trente ans de la section fran\u00e7aise de l&rsquo;organisation internationale des prisons (OIP-SF) dont elle conserve les fonds. <\/p>\n\n\n\n<p>\u00c0 la crois\u00e9e des disciplines et des engagements, cette journ\u00e9e interroge la richesse des recherches contemporaines, leurs interactions avec les savoirs militants et leur faible impact sur les r\u00e9formes p\u00e9nales. Un rendez-vous pour comprendre le paradoxe entre production scientifique foisonnante et persistance des dysfonctionnements carc\u00e9raux.<\/p>\n\n\n\n<p>La journ\u00e9e d&rsquo;\u00e9tude est accessible sur inscription en pr\u00e9sentiel ou en distanciel. <\/p>\n\n\n\n<div class=\"wp-block-buttons is-content-justification-center is-layout-flex wp-container-core-buttons-is-layout-16018d1d wp-block-buttons-is-layout-flex\">\n<div class=\"wp-block-button\"><a class=\"wp-block-button__link wp-element-button\" href=\"https:\/\/oip.org\/wp-content\/uploads\/2026\/04\/programme-colloque-30-ans-oip-vf.pdf\" target=\"_blank\" rel=\"noopener\">Consulter le programme<\/a><\/div>\n<\/div>\n\n\n\n<p class=\"has-text-align-center\"><a href=\"https:\/\/www.helloasso.com\/associations\/observatoire-international-des-prisons-section-fra\/evenements\/prison-et-savoirs-recherche-du-temps-perdu-ou-temps-perdu-de-la-rec\" target=\"_blank\" rel=\"noopener\">Lien pour s&rsquo;inscrire en pr\u00e9sentiel<\/a><\/p>\n\n\n\n<p class=\"has-text-align-center\"><a href=\"https:\/\/www.helloasso.com\/associations\/observatoire-international-des-prisons-section-fra\/evenements\/colloque-prison-et-savoirs-inscription-en-distanciel\" target=\"_blank\" rel=\"noopener\">Lien pour s&rsquo;inscrire en distanciel<\/a><\/p>\n\n\n\n<p><\/p>","protected":false},"featured_media":3105,"template":"","meta":{"_acf_changed":true},"event_cat":[47],"event_location":[48,168],"class_list":["post-3104","agenda","type-agenda","status-publish","has-post-thumbnail","hentry","event_cat-colloques-et-journees-detudes","event_location-amphitheatre-max-weber-universite-paris-nanterre","event_location-nanterre"],"acf":[],"_links":{"self":[{"href":"https:\/\/www.lacontemporaine.fr\/en\/wp-json\/wp\/v2\/agenda\/3104","targetHints":{"allow":["GET"]}}],"collection":[{"href":"https:\/\/www.lacontemporaine.fr\/en\/wp-json\/wp\/v2\/agenda"}],"about":[{"href":"https:\/\/www.lacontemporaine.fr\/en\/wp-json\/wp\/v2\/types\/agenda"}],"wp:featuredmedia":[{"embeddable":true,"href":"https:\/\/www.lacontemporaine.fr\/en\/wp-json\/wp\/v2\/media\/3105"}],"wp:attachment":[{"href":"https:\/\/www.lacontemporaine.fr\/en\/wp-json\/wp\/v2\/media?parent=3104"}],"wp:term":[{"taxonomy":"event_cat","embeddable":true,"href":"https:\/\/www.lacontemporaine.fr\/en\/wp-json\/wp\/v2\/event_cat?post=3104"},{"taxonomy":"event_location","embeddable":true,"href":"https:\/\/www.lacontemporaine.fr\/en\/wp-json\/wp\/v2\/event_location?post=3104"}],"curies":[{"name":"wp","href":"https:\/\/api.w.org\/{rel}","templated":true}]}}

<p>La Contemporaine est partenaire du colloque organisé pour les trente ans de la section française de l&rsquo;organisation internationale des prisons (OIP-SF) dont elle conserve les fonds. </p>



<p>À la croisée des disciplines et des engagements, cette journée interroge la richesse des recherches contemporaines, leurs interactions avec les savoirs militants et leur faible impact sur les réformes pénales. Un rendez-vous pour comprendre le paradoxe entre production scientifique foisonnante et persistance des dysfonctionnements carcéraux.</p>



<p>La journée d&rsquo;étude est accessible sur inscription en présentiel ou en distanciel. </p>



<div class="wp-block-buttons is-content-justification-center is-layout-flex wp-container-core-buttons-is-layout-16018d1d wp-block-buttons-is-layout-flex">
<div class="wp-block-button"><a class="wp-block-button__link wp-element-button" href="https://oip.org/wp-content/uploads/2026/04/programme-colloque-30-ans-oip-vf.pdf" target="_blank" rel="noopener">Consulter le programme</a></div>
</div>



<p class="has-text-align-center"><a href="https://www.helloasso.com/associations/observatoire-international-des-prisons-section-fra/evenements/prison-et-savoirs-recherche-du-temps-perdu-ou-temps-perdu-de-la-rec" target="_blank" rel="noopener">Lien pour s&rsquo;inscrire en présentiel</a></p>



<p class="has-text-align-center"><a href="https://www.helloasso.com/associations/observatoire-international-des-prisons-section-fra/evenements/colloque-prison-et-savoirs-inscription-en-distanciel" target="_blank" rel="noopener">Lien pour s&rsquo;inscrire en distanciel</a></p>



<p></p>
